e of 80?
False
Does 12 divide 166912909?
False
Does 1050 divide 342203400?
True
Is 314704754 a multiple of 98?
True
Is 7578898 a multiple of 60?
False
Is 394 a factor of 134018706?
True
Is 444 a factor of 87803212?
False
Is 16184764 a multiple of 1174?
True
Does 66 divide 460398291?
False
Is 333 a factor of 38414214?
True
Is 28 a factor of 391016808?
True
Does 1184 divide 1416522208?
True
Is 9 a factor of 17743536?
True
Does 21 divide 10349769?
False
Is 2124 a factor of 10046315?
False
Is 1060403861 a multiple of 146?
False
Does 11 divide 9012311?
True
Does 18 divide 2370132?
True
Does 94 divide 247624974?
False
Is 1808354473 a multiple of 122?
False
Does 77 divide 4153842?
True
Is 14870 a factor of 6849672190?
True
Is 8299057877 a multiple of 29?
False
Is 260787193 a multiple of 2543?
True
Is 13 a factor of 69397809?
True
Is 9 a factor of 25468257?
False
Is 21 a factor of 20645709?
True
Is 518338148 a multiple of 22?
False
Is 13 a factor of 192609170?
True
Does 118 divide 74251650?
False
Is 9 a factor of 1115733591?
True
Does 2001 divide 1772498518?
False
Is 47897326 a multiple of 15?
False
Does 5 divide 422929910?
True
Is 29634194 a multiple of 39?
False
Does 45 divide 23927862?
False
Is 3501 a factor of 29611458?
True
Does 112 divide 8545040?
True
Is 463 a factor of 272079172?
True
Is 267 a factor of 410259384?
True
Is 29 a factor of 97150294?
False
Is 38134672 a multiple of 304?
True
Is 96 a factor of 64653888?
True
Does 44 divide 6704940?
True
Is 978356040 a multiple of 13890?
True
Is 541 a factor of 77701125?
True
Does 12 divide 31651596?
True
Is 16500560 a multiple of 3090?
False
Does 23 divide 570988539?
False
Does 626 divide 65300564?
True
Is 98 a factor of 251458494?
True
Is 8726680 a multiple of 20?
True
Is 53364666 a multiple of 1291?
False
Does 13 divide 57824678?
False
Is 33833062 a multiple of 1078?
False
Is 24 a factor of 61136208?
True
Is 627204 even?
True
Is 815832993 a multiple of 113?
True
Is 76158858 a multiple of 27?
False
Is 13212087 a multiple of 26?
False
Does 7467 divide 845195784?
False
Does 8 divide 120489800?
True
Is 382205889 a multiple of 987?
False
Is 527253881 a multiple of 5467?
True
Is 640 a factor of 266754560?
True
Is 208 a factor of 37826256?
True
Is 1224327582 a multiple of 27?
True
Does 12 divide 52611672?
True
Does 74 divide 39390052?
True
Is 478224828 a multiple of 67?
True
Is 302886619 a multiple of 16?
False
Is 18 a factor of 26326150?
False
Is 16332522 a multiple of 5?
False
Is 332 a factor of 2141272?
False
Does 1370 divide 210841900?
False
Is 76527810 a multiple of 45?
True
Is 47948544 a multiple of 504?
True
Does 376 divide 371219160?
True
Is 2943 a factor of 532824718?
False
Is 10233689 a multiple of 19?
False
Is 49986756 a multiple of 1116?
True
Is 95 a factor of 17130593?
False
Is 23 a factor of 642744641?
False
Is 3478767119 a multiple of 16?
False
Does 2176 divide 657166833?
False
Is 2 a factor of 24382020?
True
Is 50806853 a multiple of 2?
False
Is 68816196 a multiple of 12?
True
Does 1081 divide 102189936?
False
Does 53 divide 25534976?
True
Does 13 divide 2019470472?
False
Is 33 a factor of 4044348?
True
Does 226 divide 15702706?
True
Is 1356663 a multiple of 231?
True
Is 2 a factor of 15834402?
True
Is 22 a factor of 39277414?
True
Is 23 a factor of 750846109?
True
Does 656 divide 58718694?
False
Is 230 a factor of 4761230?
True
Is 192 a factor of 122362368?
True
Does 2343 divide 36560172?
True
Is 43 a factor of 287621023?
True
Does 712 divide 3931063?
False
Does 11 divide 18370066?
True
Is 499 a factor of 1351656622?
False
Is 751 a factor of 6640731016?
False
Is 1532 a factor of 795535428?
True
Is 78786542 a multiple of 74?
True
Is 1451 a factor of 554936401?
True
Is 731 a factor of 6252609231?
True
Is 2137888890 a multiple of 1070?
True
Is 670 a factor of 353824320?
True
Is 61224814 a multiple of 434?
True
Is 67668570 a multiple of 18?
True
Is 14 a factor of 633967320?
True
Does 7 divide 6700856?
False
Is 8525221 even?
False
Is 142831805 a multiple of 2063?
True
Does 243 divide 7494311?
False
Is 370810044 a multiple of 4655?
False
Is 590137744 a multiple of 596?
True
Is 142 a factor of 175883209?
False
Is 2097 a factor of 2262814973?
False
Is 27 a factor of 21662303?
False
Is 9 a factor of 7198227?
True
Is 13 a factor of 110250846?
False
Is 1253 a factor of 2651813130?
False
Is 66222322 a multiple of 212?
False
Is 1205 a factor of 3470572315?
True
Does 314 divide 28443054?
False
Does 697 divide 2991103328?
False
Is 115707142 a multiple of 118?
True
Is 24 a factor of 24257741?
False
Is 1018 a factor of 203687548?
True
Does 71 divide 1466167324?
True
Is 1841 a factor of 1895344308?
False
Is 94552977 a multiple of 15?
False
Is 5 a factor of 346848643?
False
Is 1973136 a multiple of 37?
True
Is 151486032 a multiple of 214?
False
Is 53545354 a multiple of 146?
True
Does 1872 divide 20135232?
True
Is 1299 a factor of 1531521?
True
Does 101 divide 750912477?
True
Does 622 divide 1072640316?
False
Is 9375306 a multiple of 943?
True
Is 302427253 a multiple of 68?
False
Is 98 a factor of 123985848?
False
Is 328878884 a multiple of 387?
False
Is 220 a factor of 1987218640?
True
Does 38 divide 772740669?
False
Does 65 divide 454110909?
False
Is 804469289 a multiple of 4451?
True
Does 198 divide 51661212?
False
Does 1588 divide 2761841660?
True
Does 6 divide 175540128?
True
Is 52 a factor of 61189544?
True
Does 4 divide 8913787?
False
Is 58 a factor of 56094016?
False
Is 54 a factor of 85171896?
False
Does 8 divide 52856210?
False
Is 164 a factor of 270079322?
False
Does 27 divide 61575282?
True
Is 29 a factor of 40202814?
False
Does 571 divide 80051192?
False
Is 158 a factor of 1595267382?
True
Is 2142 a factor of 66815973?
False
Does 298 divide 613327508?
True
Does 389 divide 157208904?
True
Does 78 divide 617292390?
True
Is 65952931 a multiple of 1136?
False
Is 143307879 a multiple of 957?
True
Is 61 a factor of 23858068?
False
Is 139 a factor of 36283448?
True
Is 75480375 a multiple of 2?
False
Is 131 a factor of 13062665?
True
Is 11559354 a multiple of 102?
True
Does 274 divide 11421956?
False
Is 261443373 a multiple of 60?
False
Does 3651 divide 1871012659?
False
Is 486382630 a multiple of 21?
False
Is 840 a factor of 8368427?
False
Does 5 divide 18143890?
True
Does 428 divide 5217585?
False
Is 47280442 a multiple of 10?
False
Is 5876600694 a multiple of 24?
False
Does 77 divide 347023600?
True
Is 1149526920 a multiple of 6?
True
Does 784 divide 23616432?
True
Is 208 a factor of 26493882?
False
Does 85 divide 708031322?
False
Is 9 a factor of 25922499?
False
Does 130 divide 3577399?
False
Is 107911639 a multiple of 43?
True
Is 63 a factor of 32922729?
True
Does 154 divide 322389875?
False
Is 6 a factor of 482384607?
False
Is 86 a factor of 53510811?
False
Is 157 a factor of 89701322?
True
Does 1075 divide 578477925?
True
Is 128132557 a multiple of 14?
False
Is 1209 a factor of 5693322453?
True
Is 1507 a factor of 206894559?
False
Does 1062 divide 168579756?
True
Is 188228283 a multiple of 253?
False
Does 3580 divide 2093818560?
False
Does 496 divide 3680464?
False
Is 4821 a factor of 1001685163?
False
Is 41560681 a multiple of 165?
False
Does 22 divide 128260?
True
Is 7 a factor of 9772525?
True
Does 16 divide 327279130?
False
Is 39 a factor of 15232191?
True
Does 20 divide 364377820?
True
Is 1474 a factor of 874108179?
False
Is 35267030 a multiple of 80?
False
Is 627 a factor of 19788120?
True
Is 65 a factor of 2792269?
False
Is 18 a factor of 4871133522?
True
Is 2630809253 a multiple of 19?
False
Is 28 a factor of 43796092?
False
Does 48 divide 1633122424?
False
Is 136573951 a multiple of 588?
False
Is 13 a factor of 204376341?
True
Is 5 a factor of 14724504?
False
Is 1177 a factor of 51493750?
True
Is 98 a factor of 140718984?
True
Does 130 divide 154100273?
False
Does 1738 divide 245134472?
True
Is 63610462 a multiple of 71?
True
Is 473852713 a multiple of 10?
False
Does 6 divide 135148680?
True
Does 4 divide 2267598?
False
Does 10 divide 1212630?
True
Is 1544248442 a multiple of 59?
False
Is 22723198 a multiple of 141?
False
Does 53 divide 56564227?
False
Is 38 a factor of 789947230?
True
Is 55081795 a multiple of 18?
False
Is 358951884 a multiple of 47?
False
Is 54994491 a multiple